mmon divisor of u and 132?
6
Let y = -129 + 129. Let w be (1*(y - 1))/(10/(-110)). What is the highest common factor of w and 11?
11
Suppose s = 6*s - 440. Let p be (-6)/(-15) + 76/10. Calculate the highest common divisor of p and s.
8
Let b = 28 + 57. Let l(i) = 4*i**3 + 117*i - 232. Let v be l(2). What is the greatest common factor of v and b?
17
Suppose -p + 534 = 11*r - 6*r, -2*p + 5*r + 1098 = 0. Calculate the greatest common divisor of 64 and p.
32
Let k = 171 - 149. Let j be 11/(-2 + 10/4). Calculate the highest common divisor of j and k.
22
Let q(f) = -21*f + 37. Let h be q(1). What is the highest common factor of 6 and h?
2
Let v be -10 + 3 + 1 - -161. Calculate the highest common divisor of v and 62.
31
Let b be ((-16)/12)/((-242)/60 + 4). Let i(k) = k + 16. Let w be i(0). Calculate the highest common factor of b and w.
8
Let b(d) = 5*d + 1. Suppose -4*h + 28 = -0*h. Let s be b(h). Suppose 0 = -10*w + 171 - 51. What is the greatest common factor of w and s?
12
Suppose -4*b + 2865 = 3*n, -3*b + n - 3595 = -8*b. What is the highest common divisor of b and 80?
80
Let f(a) be the third derivative of a**5/60 + 3*a**4/8 - 14*a**3/3 + 24*a**2. Let u be f(-12). What is the highest common divisor of 20 and u?
4
Let o = 20 + -10. Let q(a) = a**3 - a**2 + 4. Let c be q(0). What is the highest common factor of o and c?
2
Let x be -2 + (3 - (3 + -3)). Let z(l) = 3*l**2 + l. Let h be z(x). Let r be (-62)/h*(-15 + 13). Calculate the greatest common factor of 155 and r.
31
Suppose -19 = 5*m - 49. Let g = m + -5. Calculate the greatest common divisor of g and 11.
1
Suppose 5 + 35 = 2*k. Let g be 2/(-7) - 2244/(-14). Calculate the highest common factor of k and g.
20
Let y be (6/(-12))/(2/56). Let t = y - -36. What is the highest common factor of t and 220?
22
Let z = 2 + 1. Let y be 34 - -3*(-2)/z. Let w be (y - -1)*(-16)/(-6). What is the highest common divisor of 8 and w?
8
Suppose 3*t - 186 = -4*p, 2*t - 2*p - 101 = 3*p. Let a = -50 + t. Calculate the highest common factor of a and 88.
8
Let a = 81 + -86. Let o(u) = u**3 + 13*u**2 - 4*u - 4. Let y be o(a). What is the greatest common divisor of y and 24?
24
Suppose 0 = -34*i + 2269 - 705. Calculate the highest common divisor of i and 299.
23
Suppose -3*k - 183 - 45 = 0. Let i = k + 86. Suppose 5*d + 2*y - 260 = 0, 0*d + 3*d = y + 145. Calculate the greatest common factor of d and i.
10
Let c be -23*(3 + -4 + 2). Let r = -13 - c. Calculate the greatest common factor of 2 and r.
2
Let x = 670 + -662. What is the highest common divisor of x and 108?
4
Suppose z + 1228 = 4*w, -z + 302 = w - 0*z. Suppose 3*g - w = -96. Suppose 1 = n - 9. What is the highest common divisor of n and g?
10
Let i be (-34)/(-6) + 5/15. Let x = -583 - -595. What is the highest common divisor of x and i?
6
Suppose -p + 117 = -27. What is the highest common factor of p and 32?
16
Let o be (-15)/(-4) + (-13)/(-52). Suppose o*t - 21 = d, -t - d = -3*d. Calculate the highest common factor of t and 24.
6
Let f(w) = 38*w + 267. Let m be f(-7). Calculate the greatest common divisor of m and 23.
1
Suppose 0 = 2*r + 3*r - 30. Let v = 16 - 18. Let y be 656/12 + 3/9*v. Calculate the greatest common factor of y and r.
6
Let v = 18 - 4. Suppose -3*k = 3*a + 120, -3*k = 4*a + 119 + 6. Let i = 49 + k. What is the greatest common divisor of i and v?
14
Suppose -6*s + 7*s - 6 = 0. Suppose s*d + 10 = 7*d. Let j be 2/(-3) - 32/(-12). What is the highest common divisor of d and j?
2
Let m(v) = 15*v - 2*v + 5*v - 4. Let x be m(4). Let l be (187/x)/((-1)/(-4)). What is the greatest common factor of l and 77?
11
Let f = -935 + 937. Calculate the highest common divisor of 67 and f.
1
Let u = 187 + -184. Calculate the highest common factor of u and 9.
3
Let l = 66 + -39. Suppose 0 = 19*u - 22*u + l. Let p(q) = 17*q + 4. Let f be p(4). What is the greatest common factor of u and f?
9
Suppose -9*u + 240 = -4*u. Suppose -2*d - u = -4*z, 3*z = -2*d - 2 + 24. Calculate the highest common divisor of z and 30.
10
Suppose 2*h - 6*h - x - 141 = 0, 3*x - 81 = 2*h. Let s be 1884/15 - (h/15 - -3). Calculate the greatest common factor of 25 and s.
25
Let l(w) = w + 9. Let t be l(-6). Let n(k) = -t*k + 3 + 0*k - k**2 - 5 + k**3 + 0*k**2. Let v be n(3). Calculate the highest common factor of 77 and v.
7
Suppose -5*s + 5 = q - 85, q = 3*s - 54. Let t = -564 - -819. Let c = 417 - t. What is the greatest common divisor of s and c?
18
Suppose -2*r = 3*s - 297, -4*s - 457 - 14 = -3*r. What is the greatest common factor of 374 and r?
17
Let x be 140/(-35) + 3 + 6. Let o be 4/14 + (-99)/(-21). Calculate the highest common divisor of x and o.
5
Suppose 67 = d - 32. Suppose 5*v + s = 259, -6*v - 5*s + d = -4*v. Calculate the highest common divisor of v and 13.
13
Suppose 1380 = 2*t + 5*b, 4*t + 0*b - 2740 = -5*b. Suppose t = -32*y + 37*y. What is the highest common divisor of y and 34?
34
Let a be 25/2 + (-3)/(-2). Calculate the greatest common divisor of a and 7.
7
Suppose 8*t - 30 = -6. Suppose -4*p = -w + 28 - 99, -t*p - w + 55 = 0. What is the greatest common factor of p and 108?
18
Let b = 1 + 1. Let x be -3*b/6 + 23. Calculate the highest common divisor of x and 154.
22
Suppose -2*d = -f, 10*f - 9*f + 9 = 5*d. Let s(w) = -w**3 + 8*w**2 - 5*w + 6. Let k be s(6). What is the greatest common divisor of f and k?
6
Suppose 4*t - 6*t = y - 18, -105 = -4*y + 3*t. Calculate the greatest common divisor of y and 312.
24
Suppose 0 = 2*a + 3*c - 8*c + 2, a = -3*c + 10. Let k = a - -14. Suppose -6*t = -8*t + k. Calculate the highest common divisor of t and 72.
9
Let j(n) = -3*n**3 - 6*n**2 - 1. Let g be j(-4). Calculate the greatest common divisor of g and 76.
19
Let w be (-24)/(-44) + (-29700)/(-121). Calculate the highest common factor of 18 and w.
6
Let j be 12/90 - (1 - (-19344)/(-45)). Calculate the greatest common factor of j and 11.
11
Let c be (-9)/(-3)*(-3)/(-9). Suppose -2*i = -5*u + 27, 4*u + 6*i - 5*i = 19. Calculate the greatest common factor of u and c.
1
Let p = 28 - 24. Suppose -26 - 2 = -p*z. Suppose -2*s - 20 = -z*s. Calculate the highest common factor of s and 2.
2
Let h be 20 + -1 + 3 - -1. Suppose -12 = -5*n + h. Let d be 10*((-56)/10)/(-2). What is the highest common divisor of n and d?
7
Let j be 2/(-7) + 30/7. Suppose 5*v - 15 = -5*d, -4*v - 4*d = -3*v. Suppose 0 = -v*k - k + 140. What is the greatest common factor of k and j?
4
Let m(z) = z - 6. Let h be m(0). Let w be 6*(84/16 - h/8). What is the highest common divisor of 54 and w?
18
Let x be (30/(-4) - (11 + -18))*-98. What is the highest common divisor of x and 1?
1
Let f(l) = 4*l**2 + 3*l - 1. Let q be (3/6*6)/1. Suppose q*s - 7 = 2. Let a be f(s). What is the highest common divisor of a and 110?
22
Let k = -409 - -422. What is the greatest common factor of k and 182?
13
Suppose -7*f = -3*f - 36. Suppose 84 = f*m - 24. What is the highest common divisor of m and 24?
12
Let a(j) = -4*j**2 - 85*j - 63. Let d be a(-19). What is the highest common factor of 36 and d?
36
Let i(f) = -44*f - 169. Let k be i(-11). What is the highest common divisor of k and 126?
63
Suppose -x + 33 = 3*l - 3*x, x = 5*l - 55. Let b be 198/(-30) + 7 - (-324)/15. What is the highest common factor of l and b?
11
Suppose 15 = y + 31*o - 32*o, 3*y + o = 57. Let i be -5*-1*36/10. What is the greatest common divisor of y and i?
18
Let k = 28 + -18. Suppose w + 4*g + k = -0, -4*g - 40 = -2*w. Calculate the greatest common divisor of w and 2.
2
Suppose 3*j - 2*q = -394 + 1566, 776 = 2*j + 4*q. What is the greatest common factor of 18 and j?
6
Suppose 0 = -10*n + 13*n - 18. What is the greatest common factor of n and 183?
3
Suppose -12*j + 10*j = -10. Suppose j*h + 3*k = 22, 1 + 15 = 4*k. Let l be (6/(-5))/((-5)/25). What is the greatest common divisor of l and h?
2
Let l be (0 - -6)*(2 + -1). Let k be 460/l + (-3)/(-9). Let z = 5466 - 5455. What is the highest common divisor of z and k?
11
Suppose f = -f + 38. Let m = -18 + f. Let b be (74 + 7)*1/m. What is the greatest common factor of 54 and b?
27
Suppose x - 5*x + 4 = 0. Let q be -12*-1*(0 + x). Let n be 5/(-1)*18/(-5). What is the greatest common divisor of n and q?
6
Suppose -24*q + 100 = 2*m - 25*q, -4*m + 196 = -3*q. What is the highest common factor of 78 and m?
26
Let m(g)